{"id":18192,"date":"2019-02-19T15:46:22","date_gmt":"2019-02-19T14:46:22","guid":{"rendered":"https:\/\/www.gstaad-airport.ch\/events\/"},"modified":"2019-11-26T13:00:06","modified_gmt":"2019-11-26T11:00:06","slug":"events","status":"publish","type":"page","link":"https:\/\/www.gstaad-airport.ch\/fr\/events\/","title":{"rendered":"Events"},"content":{"rendered":"<div class=\"wpb-content-wrapper\"><p>[vc_row row_id=\u00a0\u00bbpolo\u00a0\u00bb parallax_content=\u00a0\u00bbparallax_content_value\u00a0\u00bb fadeout_row=\u00a0\u00bbfadeout_row_value\u00a0\u00bb][vc_column width=\u00a0\u00bb1\/2&Prime;][vc_row_inner][vc_column_inner]<div class=\"spacer\" style=\"height: 30px;\"><\/div>[\/vc_column_inner][\/vc_row_inner][vc_column_text]<\/p>\n<h6 class=\"mmdGrundschrift\"><span lang=\"FR-CH\">LES PONEYS DE POLO VOLENT AU-DESSUS DE L\u2019A\u00c9ROPORT DE GSTAAD<\/span><\/h6>\n<p class=\"mmdGrundschrift\"><span lang=\"FR-CH\">En ao\u00fbt, le prestigieux tournoi de la \u00ab&nbsp;Polo Gold Cup&nbsp;\u00bb de Gstaad attire des centaines de visiteurs au Saanenland. Ils suivent les matchs passionnants de joueurs de haut niveau et de leurs poneys. Le terrain de polo, jouxtant l\u2019a\u00e9roport de Gstaad, offre une atmosph\u00e8re unique. Pendant les pauses, la pelouse est aplanie. Le style, l\u2019\u00e9l\u00e9gance et la joie de vivre \u00e9manant de ce tournoi sur invitation sont en parfaite harmonie avec l\u2019offre de \u00ab&nbsp;Gstaad Airport&nbsp;\u00bb.<\/span><\/p>\n<p>[\/vc_column_text]<div class=\"spacer\" style=\"height: 5px;\"><\/div><a href=\"https:\/\/www.polo-gstaad.ch\" target=\"_blank\" class=\"button color-3 small \" style=\"border-radius: 2px;\">Hublot Polo Gold Cup Gstaad<\/a>[\/vc_column][vc_column width=\u00a0\u00bb1\/2&Prime;][vc_row_inner][vc_column_inner]<div class=\"spacer\" style=\"height: 75px;\"><\/div><div class=\"single_image wpb_content_element align-left    \" data-animation=\"none\" data-delay=\"0\"><img loading=\"lazy\" decoding=\"async\" width=\"1772\" height=\"1177\" src=\"https:\/\/www.gstaad-airport.ch\/wp-content\/uploads\/2016\/10\/Polo.jpg\" class=\"attachment-full\" alt=\"\" title=\"polo\" srcset=\"https:\/\/www.gstaad-airport.ch\/wp-content\/uploads\/2016\/10\/Polo.jpg 1772w, https:\/\/www.gstaad-airport.ch\/wp-content\/uploads\/2016\/10\/Polo-300x199.jpg 300w, https:\/\/www.gstaad-airport.ch\/wp-content\/uploads\/2016\/10\/Polo-768x510.jpg 768w, https:\/\/www.gstaad-airport.ch\/wp-content\/uploads\/2016\/10\/Polo-1024x680.jpg 1024w, https:\/\/www.gstaad-airport.ch\/wp-content\/uploads\/2016\/10\/Polo-600x400.jpg 600w\" sizes=\"auto, (max-width: 1772px) 100vw, 1772px\" \/><\/div><div class=\"spacer\" style=\"height: 10px;\"><\/div>[\/vc_column_inner][\/vc_row_inner][\/vc_column][\/vc_row][vc_row row_id=\u00a0\u00bbsegelflug \u00ab\u00a0][vc_column width=\u00a0\u00bb1\/1\u00a0\u00bb][vc_column_text]<div class=\"divider divider8\" style='margin:50px 0 60px 0 !important;'><div class=\"divider-icon\"><i class=\"fa fa-chevron-down\"><\/i><\/div><\/div>[\/vc_column_text][\/vc_column][\/vc_row][vc_row row_id=\u00a0\u00bbueber-uns\u00a0\u00bb parallax_content=\u00a0\u00bbparallax_content_value\u00a0\u00bb fadeout_row=\u00a0\u00bbfadeout_row_value\u00a0\u00bb][vc_column width=\u00a0\u00bb1\/2&Prime;][vc_row_inner][vc_column_inner]<div class=\"spacer\" style=\"height: 5px;\"><\/div>[\/vc_column_inner][\/vc_row_inner]<div class=\"single_image wpb_content_element align-left    \" data-animation=\"none\" data-delay=\"0\"><img loading=\"lazy\" decoding=\"async\" width=\"5000\" height=\"3125\" src=\"https:\/\/www.gstaad-airport.ch\/wp-content\/uploads\/2019\/02\/Gstaad_Airport_Segelflugzeug.jpg\" class=\"attachment-full\" alt=\"\" title=\"Gstaad_Airport_Segelflugzeug\" srcset=\"https:\/\/www.gstaad-airport.ch\/wp-content\/uploads\/2019\/02\/Gstaad_Airport_Segelflugzeug.jpg 5000w, https:\/\/www.gstaad-airport.ch\/wp-content\/uploads\/2019\/02\/Gstaad_Airport_Segelflugzeug-300x188.jpg 300w, https:\/\/www.gstaad-airport.ch\/wp-content\/uploads\/2019\/02\/Gstaad_Airport_Segelflugzeug-768x480.jpg 768w, https:\/\/www.gstaad-airport.ch\/wp-content\/uploads\/2019\/02\/Gstaad_Airport_Segelflugzeug-1024x640.jpg 1024w, https:\/\/www.gstaad-airport.ch\/wp-content\/uploads\/2019\/02\/Gstaad_Airport_Segelflugzeug-901x563.jpg 901w, https:\/\/www.gstaad-airport.ch\/wp-content\/uploads\/2019\/02\/Gstaad_Airport_Segelflugzeug-80x50.jpg 80w, https:\/\/www.gstaad-airport.ch\/wp-content\/uploads\/2019\/02\/Gstaad_Airport_Segelflugzeug-600x375.jpg 600w, https:\/\/www.gstaad-airport.ch\/wp-content\/uploads\/2019\/02\/Gstaad_Airport_Segelflugzeug-500x313.jpg 500w, https:\/\/www.gstaad-airport.ch\/wp-content\/uploads\/2019\/02\/Gstaad_Airport_Segelflugzeug-800x500.jpg 800w, https:\/\/www.gstaad-airport.ch\/wp-content\/uploads\/2019\/02\/Gstaad_Airport_Segelflugzeug-1000x625.jpg 1000w\" sizes=\"auto, (max-width: 5000px) 100vw, 5000px\" \/><\/div><div class=\"spacer\" style=\"height: 10px;\"><\/div>[\/vc_column][vc_column width=\u00a0\u00bb1\/2&Prime;]<div class=\"spacer\" style=\"height: 35px;\"><\/div>[vc_column_text]<\/p>\n<h6 class=\"mmdGrundschrift\"><span lang=\"FR-CH\">CAMPS DE VOL \u00c0 VOILE AUX CONDITIONS OPTIMALES<\/span><\/h6>\n<p class=\"mmdGrundschrift\"><span lang=\"FR-CH\">En \u00e9t\u00e9, le terrain d\u2019aviation accueille le \u00ab&nbsp;camp alpin de vol \u00e0 voile de Saanen&nbsp;\u00bb (Alpinen Segelfluglager Saanen). Quatre semaines durant, environ quatre-vingt pilotes de vol \u00e0 voile se rassemblent \u00e0 Saanen, d\u2019o\u00f9 ils s\u2019envolent pour des vols inoubliables. Par de bonnes conditions m\u00e9t\u00e9orologiques, certains pilotes font l\u2019aller et retour jusqu\u2019au sud de la France, sans escale interm\u00e9diaire. Ils s\u2019installent sur le terrain de camping \u00e0 l\u2019or\u00e9e de la for\u00eat et y passent leurs vacances avec les membres de leur famille, s\u2019adonnant \u00e0 leur passe-temps favori.<\/span><\/p>\n<p>[\/vc_column_text]<div class=\"spacer\" style=\"height: 5px;\"><\/div>[\/vc_column][\/vc_row][vc_row][vc_column width=\u00a0\u00bb1\/1&Prime;]<div class=\"spacer\" style=\"height: 10px;\"><\/div>[\/vc_column][\/vc_row][vc_row][vc_column width=\u00a0\u00bb1\/1&Prime;][\/vc_column][\/vc_row][vc_row][vc_column width=\u00a0\u00bb1\/1&Prime;][\/vc_column][\/vc_row]<\/p>\n<\/div>","protected":false},"excerpt":{"rendered":"<p>[vc_row row_id=\u00a0\u00bbpolo\u00a0\u00bb parallax_content=\u00a0\u00bbparallax_content_value\u00a0\u00bb fadeout_row=\u00a0\u00bbfadeout_row_value\u00a0\u00bb][vc_column width=\u00a0\u00bb1\/2&Prime;][vc_row_inner][vc_column_inner][\/vc_column_inner][\/vc_row_inner][vc_column_text] LES PONEYS DE POLO VOLENT AU-DESSUS DE L\u2019A\u00c9ROPORT DE GSTAAD En ao\u00fbt, le prestigieux tournoi de la \u00ab&nbsp;Polo Gold Cup&nbsp;\u00bb de Gstaad attire des centaines de visiteurs au Saanenland. Ils suivent les matchs passionnants de joueurs de haut niveau et de leurs poneys. Le terrain de polo, jouxtant l\u2019a\u00e9roport de Gstaad, offre une atmosph\u00e8re unique. Pendant les pauses, la pelouse est aplanie. Le style, l\u2019\u00e9l\u00e9gance et la joie de vivre \u00e9manant de ce tournoi sur invitation sont en parfaite harmonie avec l\u2019offre de \u00ab&nbsp;Gstaad Airport&nbsp;\u00bb. [\/vc_column_text][\/vc_column][vc_column width=\u00a0\u00bb1\/2&Prime;][vc_row_inner][vc_column_inner][\/vc_column_inner][\/vc_row_inner][\/vc_column][\/vc_row][vc_row row_id=\u00a0\u00bbsegelflug \u00ab\u00a0][vc_column width=\u00a0\u00bb1\/1&Prime;][vc_column_text][\/vc_column_text][\/vc_column][\/vc_row][vc_row row_id=\u00a0\u00bbueber-uns\u00a0\u00bb parallax_content=\u00a0\u00bbparallax_content_value\u00a0\u00bb fadeout_row=\u00a0\u00bbfadeout_row_value\u00a0\u00bb][vc_column width=\u00a0\u00bb1\/2&Prime;][vc_row_inner][vc_column_inner][\/vc_column_inner][\/vc_row_inner][\/vc_column][vc_column width=\u00a0\u00bb1\/2&Prime;][vc_column_text] CAMPS DE VOL \u00c0 VOILE AUX CONDITIONS OPTIMALES En \u00e9t\u00e9, le terrain d\u2019aviation accueille le \u00ab&nbsp;camp alpin de vol \u00e0 voile de Saanen&nbsp;\u00bb (Alpinen Segelfluglager Saanen). Quatre semaines durant, environ quatre-vingt pilotes de vol \u00e0 voile se rassemblent \u00e0 Saanen, d\u2019o\u00f9 ils s\u2019envolent pour des vols inoubliables. Par de bonnes conditions m\u00e9t\u00e9orologiques, certains pilotes font l\u2019aller et retour jusqu\u2019au sud de la France, sans escale interm\u00e9diaire. Ils s\u2019installent sur le terrain de camping \u00e0 l\u2019or\u00e9e de la for\u00eat et y passent leurs vacances avec les membres de leur famille, s\u2019adonnant \u00e0 leur passe-temps favori. [\/vc_column_text][\/vc_column][\/vc_row][vc_row][vc_column width=\u00a0\u00bb1\/1&Prime;][\/vc_column][\/vc_row][vc_row][vc_column width=\u00a0\u00bb1\/1&Prime;][\/vc_column][\/vc_row][vc_row][vc_column width=\u00a0\u00bb1\/1&Prime;][\/vc_column][\/vc_row]<\/p>\n","protected":false},"author":1,"featured_media":0,"parent":0,"menu_order":0,"comment_status":"open","ping_status":"open","template":"","meta":{"ngg_post_thumbnail":0,"footnotes":""},"class_list":["post-18192","page","type-page","status-publish","hentry"],"_links":{"self":[{"href":"https:\/\/www.gstaad-airport.ch\/fr\/wp-json\/wp\/v2\/pages\/18192","targetHints":{"allow":["GET"]}}],"collection":[{"href":"https:\/\/www.gstaad-airport.ch\/fr\/wp-json\/wp\/v2\/pages"}],"about":[{"href":"https:\/\/www.gstaad-airport.ch\/fr\/wp-json\/wp\/v2\/types\/page"}],"author":[{"embeddable":true,"href":"https:\/\/www.gstaad-airport.ch\/fr\/wp-json\/wp\/v2\/users\/1"}],"replies":[{"embeddable":true,"href":"https:\/\/www.gstaad-airport.ch\/fr\/wp-json\/wp\/v2\/comments?post=18192"}],"version-history":[{"count":2,"href":"https:\/\/www.gstaad-airport.ch\/fr\/wp-json\/wp\/v2\/pages\/18192\/revisions"}],"predecessor-version":[{"id":18203,"href":"https:\/\/www.gstaad-airport.ch\/fr\/wp-json\/wp\/v2\/pages\/18192\/revisions\/18203"}],"wp:attachment":[{"href":"https:\/\/www.gstaad-airport.ch\/fr\/wp-json\/wp\/v2\/media?parent=18192"}],"curies":[{"name":"wp","href":"https:\/\/api.w.org\/{rel}","templated":true}]}}

<div class="wpb-content-wrapper"><p>[vc_row row_id= »polo » parallax_content= »parallax_content_value » fadeout_row= »fadeout_row_value »][vc_column width= »1/2&Prime;][vc_row_inner][vc_column_inner]<div class="spacer" style="height: 30px;"></div>[/vc_column_inner][/vc_row_inner][vc_column_text]</p>
<h6 class="mmdGrundschrift"><span lang="FR-CH">LES PONEYS DE POLO VOLENT AU-DESSUS DE L’AÉROPORT DE GSTAAD</span></h6>
<p class="mmdGrundschrift"><span lang="FR-CH">En août, le prestigieux tournoi de la «&nbsp;Polo Gold Cup&nbsp;» de Gstaad attire des centaines de visiteurs au Saanenland. Ils suivent les matchs passionnants de joueurs de haut niveau et de leurs poneys. Le terrain de polo, jouxtant l’aéroport de Gstaad, offre une atmosphère unique. Pendant les pauses, la pelouse est aplanie. Le style, l’élégance et la joie de vivre émanant de ce tournoi sur invitation sont en parfaite harmonie avec l’offre de «&nbsp;Gstaad Airport&nbsp;».</span></p>
<p>[/vc_column_text]<div class="spacer" style="height: 5px;"></div><a href="https://www.polo-gstaad.ch" target="_blank" class="button color-3 small " style="border-radius: 2px;">Hublot Polo Gold Cup Gstaad</a>[/vc_column][vc_column width= »1/2&Prime;][vc_row_inner][vc_column_inner]<div class="spacer" style="height: 75px;"></div><div class="single_image wpb_content_element align-left    " data-animation="none" data-delay="0"><img loading="lazy" decoding="async" width="1772" height="1177" src="https://www.gstaad-airport.ch/wp-content/uploads/2016/10/Polo.jpg" class="attachment-full" alt="" title="polo" srcset="https://www.gstaad-airport.ch/wp-content/uploads/2016/10/Polo.jpg 1772w, https://www.gstaad-airport.ch/wp-content/uploads/2016/10/Polo-300x199.jpg 300w, https://www.gstaad-airport.ch/wp-content/uploads/2016/10/Polo-768x510.jpg 768w, https://www.gstaad-airport.ch/wp-content/uploads/2016/10/Polo-1024x680.jpg 1024w, https://www.gstaad-airport.ch/wp-content/uploads/2016/10/Polo-600x400.jpg 600w" sizes="auto, (max-width: 1772px) 100vw, 1772px" /></div><div class="spacer" style="height: 10px;"></div>[/vc_column_inner][/vc_row_inner][/vc_column][/vc_row][vc_row row_id= »segelflug « ][vc_column width= »1/1 »][vc_column_text]<div class="divider divider8" style='margin:50px 0 60px 0 !important;'><div class="divider-icon"><i class="fa fa-chevron-down"></i></div></div>[/vc_column_text][/vc_column][/vc_row][vc_row row_id= »ueber-uns » parallax_content= »parallax_content_value » fadeout_row= »fadeout_row_value »][vc_column width= »1/2&Prime;][vc_row_inner][vc_column_inner]<div class="spacer" style="height: 5px;"></div>[/vc_column_inner][/vc_row_inner]<div class="single_image wpb_content_element align-left    " data-animation="none" data-delay="0"><img loading="lazy" decoding="async" width="5000" height="3125" src="https://www.gstaad-airport.ch/wp-content/uploads/2019/02/Gstaad_Airport_Segelflugzeug.jpg" class="attachment-full" alt="" title="Gstaad_Airport_Segelflugzeug" srcset="https://www.gstaad-airport.ch/wp-content/uploads/2019/02/Gstaad_Airport_Segelflugzeug.jpg 5000w, https://www.gstaad-airport.ch/wp-content/uploads/2019/02/Gstaad_Airport_Segelflugzeug-300x188.jpg 300w, https://www.gstaad-airport.ch/wp-content/uploads/2019/02/Gstaad_Airport_Segelflugzeug-768x480.jpg 768w, https://www.gstaad-airport.ch/wp-content/uploads/2019/02/Gstaad_Airport_Segelflugzeug-1024x640.jpg 1024w, https://www.gstaad-airport.ch/wp-content/uploads/2019/02/Gstaad_Airport_Segelflugzeug-901x563.jpg 901w, https://www.gstaad-airport.ch/wp-content/uploads/2019/02/Gstaad_Airport_Segelflugzeug-80x50.jpg 80w, https://www.gstaad-airport.ch/wp-content/uploads/2019/02/Gstaad_Airport_Segelflugzeug-600x375.jpg 600w, https://www.gstaad-airport.ch/wp-content/uploads/2019/02/Gstaad_Airport_Segelflugzeug-500x313.jpg 500w, https://www.gstaad-airport.ch/wp-content/uploads/2019/02/Gstaad_Airport_Segelflugzeug-800x500.jpg 800w, https://www.gstaad-airport.ch/wp-content/uploads/2019/02/Gstaad_Airport_Segelflugzeug-1000x625.jpg 1000w" sizes="auto, (max-width: 5000px) 100vw, 5000px" /></div><div class="spacer" style="height: 10px;"></div>[/vc_column][vc_column width= »1/2&Prime;]<div class="spacer" style="height: 35px;"></div>[vc_column_text]</p>
<h6 class="mmdGrundschrift"><span lang="FR-CH">CAMPS DE VOL À VOILE AUX CONDITIONS OPTIMALES</span></h6>
<p class="mmdGrundschrift"><span lang="FR-CH">En été, le terrain d’aviation accueille le «&nbsp;camp alpin de vol à voile de Saanen&nbsp;» (Alpinen Segelfluglager Saanen). Quatre semaines durant, environ quatre-vingt pilotes de vol à voile se rassemblent à Saanen, d’où ils s’envolent pour des vols inoubliables. Par de bonnes conditions météorologiques, certains pilotes font l’aller et retour jusqu’au sud de la France, sans escale intermédiaire. Ils s’installent sur le terrain de camping à l’orée de la forêt et y passent leurs vacances avec les membres de leur famille, s’adonnant à leur passe-temps favori.</span></p>
<p>[/vc_column_text]<div class="spacer" style="height: 5px;"></div>[/vc_column][/vc_row][vc_row][vc_column width= »1/1&Prime;]<div class="spacer" style="height: 10px;"></div>[/vc_column][/vc_row][vc_row][vc_column width= »1/1&Prime;][/vc_column][/vc_row][vc_row][vc_column width= »1/1&Prime;][/vc_column][/vc_row]</p>
</div>

<p>[vc_row row_id= »polo » parallax_content= »parallax_content_value » fadeout_row= »fadeout_row_value »][vc_column width= »1/2&Prime;][vc_row_inner][vc_column_inner][/vc_column_inner][/vc_row_inner][vc_column_text] LES PONEYS DE POLO VOLENT AU-DESSUS DE L’AÉROPORT DE GSTAAD En août, le prestigieux tournoi de la «&nbsp;Polo Gold Cup&nbsp;» de Gstaad attire des centaines de visiteurs au Saanenland. Ils suivent les matchs passionnants de joueurs de haut niveau et de leurs poneys. Le terrain de polo, jouxtant l’aéroport de Gstaad, offre une atmosphère unique. Pendant les pauses, la pelouse est aplanie. Le style, l’élégance et la joie de vivre émanant de ce tournoi sur invitation sont en parfaite harmonie avec l’offre de «&nbsp;Gstaad Airport&nbsp;». [/vc_column_text][/vc_column][vc_column width= »1/2&Prime;][vc_row_inner][vc_column_inner][/vc_column_inner][/vc_row_inner][/vc_column][/vc_row][vc_row row_id= »segelflug « ][vc_column width= »1/1&Prime;][vc_column_text][/vc_column_text][/vc_column][/vc_row][vc_row row_id= »ueber-uns » parallax_content= »parallax_content_value » fadeout_row= »fadeout_row_value »][vc_column width= »1/2&Prime;][vc_row_inner][vc_column_inner][/vc_column_inner][/vc_row_inner][/vc_column][vc_column width= »1/2&Prime;][vc_column_text] CAMPS DE VOL À VOILE AUX CONDITIONS OPTIMALES En été, le terrain d’aviation accueille le «&nbsp;camp alpin de vol à voile de Saanen&nbsp;» (Alpinen Segelfluglager Saanen). Quatre semaines durant, environ quatre-vingt pilotes de vol à voile se rassemblent à Saanen, d’où ils s’envolent pour des vols inoubliables. Par de bonnes conditions météorologiques, certains pilotes font l’aller et retour jusqu’au sud de la France, sans escale intermédiaire. Ils s’installent sur le terrain de camping à l’orée de la forêt et y passent leurs vacances avec les membres de leur famille, s’adonnant à leur passe-temps favori. [/vc_column_text][/vc_column][/vc_row][vc_row][vc_column width= »1/1&Prime;][/vc_column][/vc_row][vc_row][vc_column width= »1/1&Prime;][/vc_column][/vc_row][vc_row][vc_column width= »1/1&Prime;][/vc_column][/vc_row]</p>
